multiple of 127?
False
Is 47857274 a multiple of 320?
False
Is 81 a factor of 24764535?
True
Is 233539409 a multiple of 44?
False
Does 101 divide 923976987?
True
Does 7 divide 307978951?
True
Is 15 a factor of 583670242?
False
Is 61786740 a multiple of 690?
True
Is 149 a factor of 165729422?
True
Does 579 divide 406909041?
True
Does 48 divide 1801773936?
True
Is 50 a factor of 994350?
True
Does 219 divide 48995533?
False
Does 79 divide 1317150?
False
Does 51 divide 928302?
True
Is 24419584 a multiple of 64?
True
Is 216 a factor of 11636411?
False
Does 116 divide 803517401?
False
Does 355 divide 168715702?
False
Does 55 divide 18418180?
True
Is 15 a factor of 21942060?
True
Is 4 a factor of 10876869?
False
Does 12 divide 579640833?
False
Is 396320581 a multiple of 215?
False
Is 3608 a factor of 23153037?
False
Is 15528420 a multiple of 15?
True
Is 26928754 a multiple of 802?
True
Is 2963435 a multiple of 137?
False
Is 418060396 a multiple of 1378?
True
Does 3 divide 2335000?
False
Does 673 divide 54627410?
True
Does 6 divide 12669?
False
Does 21 divide 1925472591?
True
Is 411 a factor of 19040557?
False
Does 409 divide 99658040?
False
Is 17015481 a multiple of 9?
True
Is 1410774816 a multiple of 33?
True
Is 88 a factor of 33066471?
False
Does 78 divide 47138706?
False
Is 3176 a factor of 147472599?
False
Does 13 divide 222347589?
False
Is 112140387 a multiple of 107?
True
Does 166 divide 144019276?
True
Is 426 a factor of 185157141?
False
Is 159 a factor of 15233313?
True
Does 9 divide 39008430?
True
Is 11 a factor of 43722956?
False
Does 8 divide 24362996?
False
Is 2111 a factor of 138051611?
False
Is 190 a factor of 716870?
True
Does 4442 divide 1819345370?
False
Is 10297023 a multiple of 99?
False
Is 147153741 a multiple of 393?
True
Does 3998 divide 388660632?
False
Is 7912427 a multiple of 184?
False
Is 394 a factor of 68656470?
True
Does 19 divide 38494456?
True
Is 43 a factor of 4383850108?
False
Is 76405552 a multiple of 16?
True
Does 421 divide 757272487?
True
Does 504 divide 1013378674?
False
Is 20715866 a multiple of 8?
False
Does 6 divide 139104318?
True
Is 1212304273 a multiple of 1986?
False
Is 81 a factor of 34273530?
True
Is 11 a factor of 24374175?
False
Does 6 divide 14810400?
True
Does 143 divide 2068870046?
False
Is 5 a factor of 11601319?
False
Does 1421 divide 89160645?
True
Does 20 divide 356436800?
True
Does 3649 divide 14304972?
False
Does 7 divide 5433125?
False
Is 2559724336 a multiple of 26?
True
Is 29472817 a multiple of 3798?
False
Is 994 a factor of 46369106?
True
Is 1273540783 a multiple of 5251?
True
Is 263902327 a multiple of 7?
False
Does 72 divide 468015564?
False
Is 347 a factor of 25526903?
False
Does 194 divide 17813026?
False
Is 30549756 a multiple of 55?
False
Does 27 divide 18295211?
False
Is 93246608 a multiple of 1274?
True
Does 10 divide 9164105?
False
Is 313 a factor of 298442370?
True
Is 2866172 a multiple of 56?
False
Does 620 divide 13260861?
False
Is 11237007 a multiple of 17?
False
Is 3 a factor of 810650837?
False
Does 5 divide 15453883?
False
Does 15 divide 1811768331?
False
Is 4146162 a multiple of 114?
False
Is 26961705 a multiple of 184?
False
Does 479 divide 96986445?
False
Is 755 a factor of 15653968?
False
Is 69539779 a multiple of 334?
False
Is 4 a factor of 1682194579?
False
Is 92 a factor of 156183248?
True
Does 149 divide 3141718?
False
Is 36 a factor of 153626640?
False
Is 127126872 a multiple of 24?
True
Is 940358000 a multiple of 125?
True
Is 2390 a factor of 61850810?
True
Does 29 divide 384274998?
True
Is 21314556 a multiple of 18?
True
Is 160 a factor of 45381120?
True
Is 16421852 a multiple of 346?
True
Is 3835901 a multiple of 43?
True
Is 242864491 a multiple of 426?
False
Does 779 divide 398297247?
True
Is 3 a factor of 5915348?
False
Is 79713095 a multiple of 77?
True
Does 689 divide 81205540?
True
Is 2858 a factor of 125294720?
True
Is 101033688 a multiple of 371?
True
Is 64579879 a multiple of 3009?
False
Does 145 divide 61172076?
False
Does 20 divide 2133402923?
False
Does 49 divide 1471055574?
False
Does 3481 divide 573824284?
False
Does 14 divide 14187763?
False
Is 819 a factor of 96188274?
True
Does 14 divide 94210630?
False
Is 263 a factor of 1352485936?
False
Does 177 divide 4391016?
True
Is 985 a factor of 254430684?
False
Does 111 divide 52229861?
False
Is 121 a factor of 103081232?
False
Does 91 divide 16645152?
False
Is 3631914 a multiple of 66?
True
Is 14350851 a multiple of 7?
False
Is 53567435 a multiple of 40?
False
Is 1056069801 a multiple of 51?
True
Does 609 divide 13223217?
True
Is 2968963768 a multiple of 9845?
False
Does 187 divide 393565436?
True
Is 63024984 a multiple of 62?
True
Is 822511800 a multiple of 2497?
True
Does 12 divide 1369131780?
True
Does 185 divide 17640120?
True
Is 711 a factor of 6347839?
False
Does 440 divide 17178317?
False
Is 8474414 a multiple of 38?
False
Is 13 a factor of 118800162?
True
Is 538 a factor of 4508825?
False
Does 16 divide 651255?
False
Is 221 a factor of 151270743?
True
Is 221 a factor of 16625727?
False
Is 55307027 a multiple of 81?
False
Is 144370384 a multiple of 378?
False
Does 5 divide 2509787?
False
Is 16303142 a multiple of 774?
False
Does 398 divide 1809411480?
True
Does 720 divide 43640640?
True
Does 989 divide 148538552?
False
Is 2210298428 a multiple of 399?
False
Does 3210 divide 80972250?
True
Is 20612469 a multiple of 590?
False
Is 4293 a factor of 98848093?
False
Does 53 divide 50712414?
True
Is 6521799 a multiple of 82?
False
Is 48578928 a multiple of 816?
True
Does 727 divide 296148407?
False
Is 2621 a factor of 26225823?
False
Is 214570464 a multiple of 204?
True
Does 59 divide 16798057?
False
Is 96779137 a multiple of 15?
False
Does 5 divide 35216686?
False
Does 103 divide 8183540?
False
Is 97319449 a multiple of 43?
True
Is 3961 a factor of 496325183?
True
Is 70702566 a multiple of 146?
False
Is 426154434 a multiple of 973?
False
Is 28867772 a multiple of 584?
False
Is 1425480 a multiple of 15?
True
Is 25 a factor of 179427635?
False
Is 24 a factor of 11850653?
False
Is 1001 a factor of 34677562?
False
Does 430 divide 1483199430?
True
Is 5580008740 a multiple of 938?
False
Does 497 divide 45875527?
False
Is 59345575 a multiple of 25?
True
Does 566 divide 216178040?
True
Does 20 divide 226600620?
True
Does 1859 divide 2878557132?
False
Is 7 a factor of 4302478047?
True
Is 43 a factor of 672270829?
False
Is 19798457 a multiple of 11?
False
Is 115788656 a multiple of 358?
True
Is 20 a factor of 439645171?
False
Is 24450228 a multiple of 22?
True
Is 4 a factor of 6498228?
True
Is 124 a factor of 35079724?
True
Does 1187 divide 19356409?
True
Does 1614 divide 203889418?
False
Does 771 divide 31806834?
True
Is 399537 a multiple of 309?
True
Is 7146964 a multiple of 22?
True
Does 5 divide 69447840?
True
Does 17 divide 351682706?
True
Is 1645 a factor of 93466626?
False
Does 5433 divide 2928267728?
False
Does 1384 divide 161415920?
True
Is 903 a factor of 717333267?
True
Does 199 divide 2803711?
True
Is 157772694 a multiple of 7?
False
Does 19 divide 75386630?
False
Does 7 divide 2555363783?
True
Is 79 a factor of 18681056?
False
Is 207 a factor of 26924283?
True
Is 23 a factor of 16506157?
True
Is 15578976 a multiple of 245?
False
Is 24952655 a multiple of 865?
True
Is 76537350 a multiple of 106?
False
Does 38 divide 477133130?
True
Is 5382171 a multiple of 2?
False
Is 7 a factor of 198450457?
False
Is 129 a factor of 423873908?
False
Does 1017 divide 251465454?
True
Is 155 a factor of 86760010?
True
Is 46891716 a multiple of 71?
False
Does 53 divide 23177088?
False
Is 67408916 a multiple of 236?
True
Does 349 divide 30670120?
True
Does 93 divide 307738493?
False
Is 799 a factor of 47742924?
False
Is 2015 a factor of 91150847?
False
Is 109247559 a multiple of 12?
False
Is 2009458836 a multiple of 102?
False
Does 127 divide 75982337?
False
Does 374 divide 2290475110?
True
Does 458 divide 134450022?
True
Is 8 a factor of 2192072?
True
Is 11498574 a multiple of 2231?
True
Is 144 a factor of 767271893?
False
Is 1588850328 a multiple of 8?
True
Does 287 divide 52045128?
False
Does 233 divide 166203331?
False
Does 394 divide 20275429?
False
Is 5709045 even?
False
Is 336757252 a multiple of 133?
False